 - 76. Give s(6).
-14
Let d(b) = -b**3 - 19 - 5*b**2 + 23*b - 5*b**2 + 8*b**2 + 23*b**2. Determine d(22).
3
Let w = -2345 - -2349. Let a(u) be the third derivative of 7*u**2 + 0 - 1/6*u**3 + 0*u - 1/24*u**w. Give a(5).
-6
Let a = 1 + 0. Let k(s) be the third derivative of -3*s**4/8 + s**3/6 - s**2 - 438*s. Calculate k(a).
-8
Let k(i) = 2*i**2 + i. Let v(w) = -w**3 - 12*w**2 - 2*w + 6. Let x(h) = -3*k(h) - v(h). What is x(-6)?
0
Let w = 33 - 35. Let s = w - -1. Let j(i) = 18*i**2 + 2*i + 1. Determine j(s).
17
Suppose -22*b - 114 = -136. Let n(d) = 2*d - 1 - 8*d**2 + 0*d + 18*d**2. What is n(b)?
11
Let h(d) = d**2 - d - 3. Let t = 1176 + -1174. Give h(t).
-1
Suppose 4*a - 8 = -0. Let b(w) = 10 - 11 + 0*w**2 - w**a - 6*w. Suppose -16 - 14 = 5*p. Calculate b(p).
-1
Let x(d) be the first derivative of -d**3/3 - 2*d**2 + 2*d - 923. Let p(z) = 5*z - 4 + 3 + 2 - z**2. Let r be p(6). Determine x(r).
-3
Let m = -3 + 0. Let s(p) be the third derivative of -p**5/120 - p**4/12 - p**3/2 + 10*p**2. Let c(g) be the first derivative of s(g). Calculate c(m).
1
Let l(x) = -68*x**3 + x**2 + 2*x + 1. Let i(u) = -4*u**3 - 8*u**2 - 2*u - 5. Let w be i(-2). Determine l(w).
68
Suppose 5*y + 16 = -4*s, 12 = 3*y + y - 3*s. Let t(g) = -g**2 + g + 12. Give t(y).
12
Let j(x) = -3 - 2*x - 5*x**2 - x**3 - x - 3*x. Let b be j(-4). Suppose 4*c = c - b*p - 10, 0 = 2*c + 2*p + 4. Let l(d) = -d + 11. What is l(c)?
11
Let p(i) = i**3 + 6*i**2 + 2*i - 5. Let x be p(-5). Let m = x - 7. Let s(k) = -4*k + 7 + 0*k + m*k + 2*k. Calculate s(0).
7
Let t be 1 - ((-1)/3)/(13/(-156)). Suppose -2*v - a = -11, a + 4 = 9. Let w(s) = 0*s + 4*s**3 + v + 3*s**2 + s - 3*s**3. What is w(t)?
0
Let z(f) = f**2 + 2*f - 57. Let d be z(7). Let n(w) = w**3 - 5*w**2 - 4*w - 6. Calculate n(d).
6
Let i(w) = -w + 23. Let x be i(9). Suppose f - g - 4 = 0, x*f + 2*g = 13*f - 11. Let l(c) = -5*c. What is l(f)?
5
Let j(d) = d**3 - 21*d + 23*d - 6*d**2 - 8 + 2. Let t(y) = y + 12. Let u be t(-6). Calculate j(u).
6
Let g(l) = -56*l + 77*l - 34*l + 8. Calculate g(4).
-44
Let p(z) be the second derivative of -z**4/24 + 2*z**3/3 - 5*z**2 + 9*z. Let j(f) be the first derivative of p(f). What is j(8)?
-4
Let z(w) = w**2. Suppose o - 5*x = 8, 7 = 3*o - 0*x + 2*x. Suppose -b + 2*m - 3*m = -o, -4*b + 11 = 5*m. Give z(b).
16
Let k(m) = -m**3 + 5*m**2 - 5. Let f(b) = b**3 + 9*b**2 + 4*b + 42. Let z be f(-9). Give k(z).
-41
Suppose 2*q + 63 = 3*y, 3*y + y - 4*q - 88 = 0. Let h(f) = f - 11. What is h(y)?
8
Let v = 3 - 3. Suppose 2*a + a + 5*p + 1 = v, 4*a + 5*p = 2. Let w(r) be the third derivative of -r**5/30 + r**4/8 + r**3/3 - 2*r**2 - 70. Determine w(a).
-7
Let h(w) = 3*w + 9. Let v(r) be the first derivative of r**2/2 + 3*r - 2. Let s(z) = 2*h(z) - 7*v(z). Determine s(4).
-7
Let i(d) = -37 - d + 2*d + 2*d. Let b be 5/2 - (-8)/(-16). Let c(h) = -h + 12. Let m(u) = b*i(u) + 7*c(u). Calculate m(7).
3
Let z be (-3)/(-18)*(37 + -31). Let r(j) = 16*j**2. Give r(z).
16
Suppose 8*f + 14 = -2. Let a be (-3)/f + (-77)/14. Let p(r) = -4*r - 3. Give p(a).
13
Let o(z) = z**3 + 14*z**2 + 2*z + 33. Let d = -809 + 795. What is o(d)?
5
Let y(k) = 2*k**3. Suppose 4*z = c - 5, -1 = 2*z + 366*c - 367*c. Give y(z).
-16
Let u(s) = 7*s + 42. Let y = 271 - 278. Determine u(y).
-7
Let o(u) = -16*u**3 + 2*u + 1. Let b be (-9 + -1)*(-2)/4. Suppose 0 = -37*m + 32*m - b. Determine o(m).
15
Let j be 31/155 + (-1)/5. Let m(t) = t + 8. Give m(j).
8
Let a(r) = 6*r**2 + 2*r - 2. Let c be a(1). Let y(x) = -3*x - 9. Let n(v) = -4*v - 10. Let o(b) = c*y(b) - 5*n(b). Give o(5).
6
Let c(q) = 4*q - 13. Suppose -2*u - 9*u + 44 = 0. Determine c(u).
3
Let c(w) = w**3 - 3*w**2 + w + 2. Let u(i) = -i**3 - 3*i**2 + 10*i + 3. Let b(y) = y**3 + 2*y**2 - 7*y - 1. Let z be b(-4). Let k be u(z). Determine c(k).
5
Let o(j) = -j**2 - j + 5. Let c = -83 + 75. Calculate o(c).
-51
Let b(n) be the second derivative of n**6/120 - n**4/4 + 7*n**2/2 - 4*n + 4. Let w(g) be the third derivative of b(g). Calculate w(-1).
-6
Let l(p) = -3*p**2 + 2*p - 3. Let m be (-4 + 6 + -2)/3. Suppose m = -3*z + 2*z - 5*a - 8, 3*z = -2*a + 2. What is l(z)?
-11
Let u(d) = 4*d**3 + 57*d - 12. Let z(k) = -k**3 - 13*k + 3. Let n(p) = -2*u(p) - 9*z(p). What is n(2)?
11
Let j(m) = 230 + m**2 - 113 + 4*m - 115. What is j(-3)?
-1
Let p(f) = -12*f + 1. Let m = 1 + -20. Suppose -12 = 6*a - 3*a, -v + 3*a = 8. Let h = m - v. Calculate p(h).
-11
Let h(a) = a**3 + 6*a**2 - a + 3. Suppose 4*j + 3*f + 45 = -6, -3*f - 3 = 0. Let c be (0 + j/(-10))*-5. Calculate h(c).
9
Let b be -5 - (54/(-486) + 1/9). Let v(s) = -3*s**2 + 12. What is v(b)?
-63
Let j(l) = l**3 - 8*l**2 - l - 9. Let g(t) = -2*t**2 + t - 2. Let d(s) = 2*g(s) + j(s). Calculate d(12).
-1
Let w(m) = 4*m**2 - 5*m + 3. Suppose 2 = -11*l + 12*l. Suppose v - l*v + 3 = 4*k, 4*v = -5*k + 12. Calculate w(v).
24
Let z(i) be the first derivative of -i**4/4 - 3*i**3 - i**2/2 - 2*i - 75. Give z(-9).
7
Let g(h) be the first derivative of -h**6/120 + 2*h**5/15 - h**4/3 + 2*h**3/3 + 6*h**2 - 15. Let o(k) be the second derivative of g(k). What is o(7)?
-3
Let i(z) = -z**2 - 6*z - 9. Let x(v) = 2*v + 7*v**2 + 46 + 27*v + 0*v**2 - 2*v**2. Let k(w) = 11*i(w) + 2*x(w). What is k(-6)?
5
Let d(i) = -6*i + 4*i**3 - 4*i**3 - i**3 + 243*i**2 - 237*i**2 + 6. Calculate d(4).
14
Let s(h) = -h + 13. Let a(c) = 34*c - 18 - 32*c - 9. Let y be ((-1)/2 - 1)*-6. Let i(v) = y*s(v) + 4*a(v). Determine i(4).
5
Let a = 302 + -299. Let q(m) = -13*m - 2. Give q(a).
-41
Suppose -2*h + 6 = -2*d, 3*h - 13 = -0*h - d. Let z be (-6)/4*h/(-2). Let m(p) = 5*p - 2. Give m(z).
13
Let s(z) = -z**2 - 7*z + 1. Suppose 39*b + 102 = 22*b. What is s(b)?
7
Let z = -1259 - -1255. Let u(q) = 2*q**3 + 5*q**2 - 2*q + 5. What is u(z)?
-35
Let o(l) = -6 - 1 + l - 4*l + l. Let i be o(-6). Suppose k + i*b = 26, 9*k + 4*b = 4*k + 46. Let y(w) = w**3 - 5*w**2 - 6*w + 1. Give y(k).
1
Let g(w) be the second derivative of -w**3/6 - 9*w**2/2 - 70*w. Give g(-6).
-3
Let n(j) = j**3 - 3*j**2 - 2*j + 6. Let w = -200 + 76. Let c = w + 128. Determine n(c).
14
Let t(z) = -z**3 - 5*z**2 + 5*z + 5. Suppose 0 = 20*k - 0 + 120. Give t(k).
11
Let q(w) = -9*w - 3. Let t be (3/(-4))/((-2)/(-8)). Let i(o) = -1. Let f(l) = 2*l + 5. Let s(h) = f(h) + i(h). Let r be s(t). Give q(r).
15
Let z(j) = -j**2 - 6*j + 8. Let y = 11 - 0. Let r be y + -13 - (-1)/1. Let w be (-50)/8 + r/(-4). Determine z(w).
8
Let c(j) be the first derivative of -2*j - 12 + 1/2*j**2. Determine c(7).
5
Let y(l) = 2*l**3 + l. Suppose -2*a = 4*a + 2*a. Suppose a = 5*s - 5, s = 2*t - s + 6. Calculate y(t).
-18
Suppose 18*s = -7*s + 50. Let a(p) = -3*p**2 - 2*p. Determine a(s).
-16
Let z(p) = -106*p**2 - 1 + 113*p**2 + p**3 - 6*p - 2*p**3. Let b(n) = -3*n - 15. Let m be b(-11). Suppose -3*l = 2*c + 7 - 19, 0 = l - 4*c - m. Give z(l).
-1
Suppose -5*r = -4*n + 19, -3*r = 2*n + 2*r - 17. Let t(p) = p**2 - 5*p + 5. Determine t(n).
11
Let n(u) be the first derivative of -7 - 10*u + 2*u**2 + 1/3*u**3. Calculate n(-7).
11
Let p(b) = -b**2 + 3*b + 4. Let g(f) = -24*f + 291. Let r be g(12). Give p(r).
4
Let x be 18/45 + 266/10. Let q be (x - 5)*2/4. Let c(z) = -z**3 + 10*z**2 + 13*z - 16. Give c(q).
6
Let u(g) = -g + 1. Let t(o) = -16*o + 16. Suppose -7*b = -13*b + 72. Let x(l) = b*u(l) - t(l). Give x(4).
12
Suppose -42*o + 414 = 120. Suppose -7*u + 2*u = 0. Let t(v) = 5 + u*v + v - 21. What is t(o)?
-9
Suppose -5*z - 6 = p - 3*z, 2*z = 6. Let x be (3 + 21/(-6))*p. Let j(v) = -6*v**2 - 2*v + v + x*v**2 + 1 - 2*v**2. Calculate j(2).
-9
Suppose -5 = -3*m + 4*d, -2*d - 12 + 4 = 4*m. Let j(f) = -3*f**2 + f + 1. Let g be j(m). Let n(t) be the first derivative of t**2 + 2*t - 5. Determine n(g).
-4
Let d(n) = 5*n**2 - 14*n - 6. Let c(b) = -b**2 + b. Let a(s) = -4*c(s) - d(s). Let h be a(5). Let j = h - 37. Let t(p) = -p**2 - 7*p - 1. What is t(j)?
5
Let m(h) = -2*h**2 - 12*h - 3. Let r = -1628 + 1623. Determine m(r).
7
Let k(n) = 4*n**3 - 2*n + 1. Let x be (-3)/12 + (-29)/(-4). Suppose -5*g + 12 = -2*g. Suppose 2*s - 25 = x*s, g*s + 17 = -3*r. What is k(r)?
3
Let g(t) be the third derivative of t**5/30 + t**4/12 + t**3/2 - 22*t**2. Suppose 6*p - p - 25 = 0, 2*p = 4*k - 14. Let f = 4 - k. Determine g(f).
7
Let u(q) = -q - 21. Suppose 465 = 19*c + 2669. Let m = 116 + c. What is u(m)?
-